{"id":1382,"date":"2024-04-24T21:11:37","date_gmt":"2024-04-24T21:11:37","guid":{"rendered":"https:\/\/yegtrackandfield.com\/dia-del-atletismo-en-canada-edmonton\/"},"modified":"2025-06-16T18:43:00","modified_gmt":"2025-06-16T18:43:00","slug":"dia-del-atletismo-en-canada-edmonton","status":"publish","type":"page","link":"https:\/\/yegtrackandfield.com\/es\/dia-del-atletismo-en-canada-edmonton\/","title":{"rendered":"D\u00eda del Atletismo en Canad\u00e1 -Edmonton"},"content":{"rendered":"<div class=\"wpb-content-wrapper\"><p>[vc_row css_animation=\u00bb\u00bb row_type=\u00bbrow\u00bb use_row_as_full_screen_section=\u00bbno\u00bb type=\u00bbfull_width\u00bb angled_section=\u00bbno\u00bb text_align=\u00bbleft\u00bb background_image_as_pattern=\u00bbwithout_pattern\u00bb][vc_column][vc_empty_space][vc_video link=\u00bbhttps:\/\/youtu.be\/AG9mshYGIPQ?feature=shared\u00bb align=\u00bbcenter\u00bb title=\u00bbEran t\u00fa. T\u00fa puedes serlo.  \u00ab][vc_empty_space][vc_column_text]<\/p>\n<p dir=\"ltr\">Presentamos el \u201cD\u00eda del Atletismo en Canad\u00e1\u201d, una innovadora serie de actos que se estrenar\u00e1n en todo el pa\u00eds en junio de 2024 para celebrar el deporte del atletismo, que incluye el atletismo de pista y campo, el paraatletismo, el cross y las carreras de carretera, monta\u00f1a y trail. Dise\u00f1ados para promover la inclusi\u00f3n y el compromiso de la comunidad, estos eventos se dirigen a poblaciones infrarrepresentadas, en particular a los reci\u00e9n llegados a Canad\u00e1 y a los atletas con discapacidad, al tiempo que acogen la participaci\u00f3n de todas las clases sociales.<\/p>\n<p>A lo largo y ancho de Canad\u00e1, estas festividades pondr\u00e1n de relieve las diversas oportunidades e intereses dentro del deporte del atletismo. Ya sea esprintando por la pista, conquistando senderos escarpados o compitiendo en pruebas paraatl\u00e9ticas, a cada participante le espera una experiencia emocionante. \u00a1Ponte en marcha en un acto del D\u00eda del Atletismo en Canad\u00e1 cerca de ti!<\/p>\n<p dir=\"ltr\">En Edmonton, el D\u00eda del Atletismo en Canad\u00e1 se celebrar\u00e1 con varios centenares de alumnos de los Consejos Escolares P\u00fablico y Cat\u00f3lico de Edmonton. Tras una ma\u00f1ana de Estadio M\u00f3vil y Juegos del Programa de Mini Leyendas (tambi\u00e9n conocido como Mini Olimpiadas), estos alumnos ser\u00e1n invitados a asistir al Edmonton Athletics Invitational para ver competir a ol\u00edmpicos, campeones del mundo y atletas de alto rendimiento de todo el mundo. Desde probar ellos mismos el atletismo hasta ver a los profesionales, \u00a1estos estudiantes cosechar\u00e1n los beneficios del D\u00eda del Atletismo en Canad\u00e1!<\/p>\n<p dir=\"ltr\"><em>El programa de subvenciones Atletismo para Todos es posible gracias a la Iniciativa Deporte Comunitario para Todos del Gobierno de Canad\u00e1.  <\/em><em>Este proyecto ha sido posible en parte gracias al Gobierno de Canad\u00e1. Este proyecto ha sido posible en parte gracias al gobierno de Canad\u00e1.<\/em><\/p>\n<p dir=\"ltr\"><img decoding=\"async\" class=\"alignnone size-medium wp-image-1280 aligncenter\" src=\"https:\/\/yegtrackandfield.com\/wp-content\/uploads\/2024\/04\/MLP-badge_colour-4-259x300.png\" alt=\"\" width=\"259\" height=\"300\" srcset=\"https:\/\/yegtrackandfield.com\/wp-content\/uploads\/2024\/04\/MLP-badge_colour-4-259x300.png 259w, https:\/\/yegtrackandfield.com\/wp-content\/uploads\/2024\/04\/MLP-badge_colour-4-768x889.png 768w, https:\/\/yegtrackandfield.com\/wp-content\/uploads\/2024\/04\/MLP-badge_colour-4-700x811.png 700w, https:\/\/yegtrackandfield.com\/wp-content\/uploads\/2024\/04\/MLP-badge_colour-4.png 1050w\" sizes=\"(max-width: 259px) 100vw, 259px\" \/><\/p>\n<p>[\/vc_column_text][vc_separator type=\u00bbnormal\u00bb]<a  itemprop=\"url\" href=\"https:\/\/athleticsalberta.com\/\" target=\"_self\"  class=\"qbutton  big_large_full_width default\" style=\"\">M\u00e1s informaci\u00f3n sobre el atletismo en Alberta<\/a>[\/vc_column][\/vc_row][vc_row css_animation=\u00bb\u00bb row_type=\u00bbrow\u00bb use_row_as_full_screen_section=\u00bbno\u00bb type=\u00bbfull_width\u00bb angled_section=\u00bbno\u00bb text_align=\u00bbleft\u00bb background_image_as_pattern=\u00bbwithout_pattern\u00bb][vc_column width=\u00bb1\/2&#8243;][vc_empty_space][vc_gallery type=\u00bbimage_grid\u00bb images=\u00bb594,592&#8243; img_size=\u00bbfull\u00bb onclick=\u00bb\u00bb css_animation=\u00bbnone\u00bb column_number=\u00bb2&#8243; grayscale=\u00bbno\u00bb images_space=\u00bbgallery_with_space\u00bb][vc_empty_space][\/vc_column][vc_column width=\u00bb1\/2&#8243;][vc_empty_space][vc_empty_space][vc_gallery type=\u00bbimage_grid\u00bb images=\u00bb664&#8243; img_size=\u00bblarge\u00bb onclick=\u00bb\u00bb css_animation=\u00bbnone\u00bb column_number=\u00bb2&#8243; grayscale=\u00bbno\u00bb images_space=\u00bbgallery_with_space\u00bb][vc_empty_space][\/vc_column][\/vc_row]<\/p>\n<\/div>","protected":false},"excerpt":{"rendered":"<p>[vc_row css_animation=\u00bb\u00bb row_type=\u00bbrow\u00bb use_row_as_full_screen_section=\u00bbno\u00bb type=\u00bbfull_width\u00bb angled_section=\u00bbno\u00bb text_align=\u00bbleft\u00bb background_image_as_pattern=\u00bbwithout_pattern\u00bb][vc_column][vc_empty_space][vc_video link=\u00bbhttps:\/\/youtu.be\/AG9mshYGIPQ?feature=shared\u00bb align=\u00bbcenter\u00bb title=\u00bbEran t\u00fa. T\u00fa puedes serlo. \u00ab][vc_empty_space][vc_column_text] Presentamos el \u201cD\u00eda del Atletismo en Canad\u00e1\u201d, una innovadora serie de actos que se estrenar\u00e1n en todo el pa\u00eds en junio de 2024 para celebrar el deporte del atletismo,&#8230;<\/p>\n","protected":false},"author":1,"featured_media":0,"parent":0,"menu_order":0,"comment_status":"closed","ping_status":"closed","template":"","meta":{"_monsterinsights_skip_tracking":false,"_monsterinsights_sitenote_active":false,"_monsterinsights_sitenote_note":"","_monsterinsights_sitenote_category":0,"footnotes":""},"class_list":["post-1382","page","type-page","status-publish","hentry"],"_links":{"self":[{"href":"https:\/\/yegtrackandfield.com\/es\/wp-json\/wp\/v2\/pages\/1382","targetHints":{"allow":["GET"]}}],"collection":[{"href":"https:\/\/yegtrackandfield.com\/es\/wp-json\/wp\/v2\/pages"}],"about":[{"href":"https:\/\/yegtrackandfield.com\/es\/wp-json\/wp\/v2\/types\/page"}],"author":[{"embeddable":true,"href":"https:\/\/yegtrackandfield.com\/es\/wp-json\/wp\/v2\/users\/1"}],"replies":[{"embeddable":true,"href":"https:\/\/yegtrackandfield.com\/es\/wp-json\/wp\/v2\/comments?post=1382"}],"version-history":[{"count":3,"href":"https:\/\/yegtrackandfield.com\/es\/wp-json\/wp\/v2\/pages\/1382\/revisions"}],"predecessor-version":[{"id":1386,"href":"https:\/\/yegtrackandfield.com\/es\/wp-json\/wp\/v2\/pages\/1382\/revisions\/1386"}],"wp:attachment":[{"href":"https:\/\/yegtrackandfield.com\/es\/wp-json\/wp\/v2\/media?parent=1382"}],"curies":[{"name":"wp","href":"https:\/\/api.w.org\/{rel}","templated":true}]}}

Día del Atletismo en Canadá -Edmonton

<div class="wpb-content-wrapper"><p>[vc_row css_animation=»» row_type=»row» use_row_as_full_screen_section=»no» type=»full_width» angled_section=»no» text_align=»left» background_image_as_pattern=»without_pattern»][vc_column][vc_empty_space][vc_video link=»https://youtu.be/AG9mshYGIPQ?feature=shared» align=»center» title=»Eran tú. Tú puedes serlo.  «][vc_empty_space][vc_column_text]</p>
<p dir="ltr">Presentamos el “Día del Atletismo en Canadá”, una innovadora serie de actos que se estrenarán en todo el país en junio de 2024 para celebrar el deporte del atletismo, que incluye el atletismo de pista y campo, el paraatletismo, el cross y las carreras de carretera, montaña y trail. Diseñados para promover la inclusión y el compromiso de la comunidad, estos eventos se dirigen a poblaciones infrarrepresentadas, en particular a los recién llegados a Canadá y a los atletas con discapacidad, al tiempo que acogen la participación de todas las clases sociales.</p>
<p>A lo largo y ancho de Canadá, estas festividades pondrán de relieve las diversas oportunidades e intereses dentro del deporte del atletismo. Ya sea esprintando por la pista, conquistando senderos escarpados o compitiendo en pruebas paraatléticas, a cada participante le espera una experiencia emocionante. ¡Ponte en marcha en un acto del Día del Atletismo en Canadá cerca de ti!</p>
<p dir="ltr">En Edmonton, el Día del Atletismo en Canadá se celebrará con varios centenares de alumnos de los Consejos Escolares Público y Católico de Edmonton. Tras una mañana de Estadio Móvil y Juegos del Programa de Mini Leyendas (también conocido como Mini Olimpiadas), estos alumnos serán invitados a asistir al Edmonton Athletics Invitational para ver competir a olímpicos, campeones del mundo y atletas de alto rendimiento de todo el mundo. Desde probar ellos mismos el atletismo hasta ver a los profesionales, ¡estos estudiantes cosecharán los beneficios del Día del Atletismo en Canadá!</p>
<p dir="ltr"><em>El programa de subvenciones Atletismo para Todos es posible gracias a la Iniciativa Deporte Comunitario para Todos del Gobierno de Canadá.  </em><em>Este proyecto ha sido posible en parte gracias al Gobierno de Canadá. Este proyecto ha sido posible en parte gracias al gobierno de Canadá.</em></p>
<p dir="ltr"><img decoding="async" class="alignnone size-medium wp-image-1280 aligncenter" src="https://yegtrackandfield.com/wp-content/uploads/2024/04/MLP-badge_colour-4-259x300.png" alt="" width="259" height="300" srcset="https://yegtrackandfield.com/wp-content/uploads/2024/04/MLP-badge_colour-4-259x300.png 259w, https://yegtrackandfield.com/wp-content/uploads/2024/04/MLP-badge_colour-4-768x889.png 768w, https://yegtrackandfield.com/wp-content/uploads/2024/04/MLP-badge_colour-4-700x811.png 700w, https://yegtrackandfield.com/wp-content/uploads/2024/04/MLP-badge_colour-4.png 1050w" sizes="(max-width: 259px) 100vw, 259px" /></p>
<p>[/vc_column_text][vc_separator type=»normal»]<a  itemprop="url" href="https://athleticsalberta.com/" target="_self"  class="qbutton  big_large_full_width default" style="">Más información sobre el atletismo en Alberta</a>[/vc_column][/vc_row][vc_row css_animation=»» row_type=»row» use_row_as_full_screen_section=»no» type=»full_width» angled_section=»no» text_align=»left» background_image_as_pattern=»without_pattern»][vc_column width=»1/2&#8243;][vc_empty_space][vc_gallery type=»image_grid» images=»594,592&#8243; img_size=»full» onclick=»» css_animation=»none» column_number=»2&#8243; grayscale=»no» images_space=»gallery_with_space»][vc_empty_space][/vc_column][vc_column width=»1/2&#8243;][vc_empty_space][vc_empty_space][vc_gallery type=»image_grid» images=»664&#8243; img_size=»large» onclick=»» css_animation=»none» column_number=»2&#8243; grayscale=»no» images_space=»gallery_with_space»][vc_empty_space][/vc_column][/vc_row]</p>
</div>

<p>[vc_row css_animation=»» row_type=»row» use_row_as_full_screen_section=»no» type=»full_width» angled_section=»no» text_align=»left» background_image_as_pattern=»without_pattern»][vc_column][vc_empty_space][vc_video link=»https://youtu.be/AG9mshYGIPQ?feature=shared» align=»center» title=»Eran tú. Tú puedes serlo. «][vc_empty_space][vc_column_text] Presentamos el “Día del Atletismo en Canadá”, una innovadora serie de actos que se estrenarán en todo el país en junio de 2024 para celebrar el deporte del atletismo,&#8230;</p>
